composite?
False
Is 17995593607 a prime number?
False
Is 5543987467 composite?
False
Is 14867181089 a prime number?
True
Is 342715871 prime?
True
Is 9809985263 composite?
True
Is 2107701233 prime?
False
Is 112380158131 prime?
False
Is 345121499 composite?
False
Is 1105266566 composite?
True
Is 27188531 composite?
False
Is 1522599461 a composite number?
False
Is 169434097 a composite number?
True
Is 33621763111 prime?
True
Is 36406740379 composite?
True
Is 137189103 composite?
True
Is 993464297 a prime number?
False
Is 59264702401 composite?
False
Is 8789123527 a prime number?
True
Is 18362163205 a prime number?
False
Is 25348936229 a prime number?
False
Is 18950076199 composite?
True
Is 561123593 a composite number?
True
Is 387320611 a prime number?
False
Is 7444603589 a composite number?
True
Is 1678470869 a prime number?
False
Is 5164869799 a prime number?
True
Is 970034771 prime?
True
Is 2792301367 composite?
False
Is 27717540133 composite?
True
Is 36359294489 a composite number?
True
Is 7833899071 prime?
False
Is 275502599 a composite number?
False
Is 1165702479 a composite number?
True
Is 1178172863 a prime number?
False
Is 1726687283 a prime number?
True
Is 64570539349 a prime number?
True
Is 3749362697 a prime number?
False
Is 10828645489 a composite number?
True
Is 5115158859 prime?
False
Is 15711899059 prime?
False
Is 2535138961 prime?
True
Is 687091801 a prime number?
False
Is 8167147 a prime number?
True
Is 98904003353 prime?
False
Is 1179011629 a prime number?
False
Is 10753709903 a composite number?
False
Is 955944569 composite?
True
Is 11019955039 composite?
False
Is 25621782973 composite?
False
Is 202809486449 prime?
False
Is 10652856367 a prime number?
True
Is 3261405603 a prime number?
False
Is 5220089671 a prime number?
True
Is 82946423407 a composite number?
False
Is 44623136659 a composite number?
True
Is 452909803 prime?
False
Is 7974771581 a composite number?
True
Is 1782529483 composite?
True
Is 16839344581 prime?
False
Is 12415855899 a composite number?
True
Is 559710017 composite?
False
Is 143858759493 a composite number?
True
Is 263395469497 composite?
False
Is 162032688533 prime?
False
Is 893487161 a prime number?
False
Is 930588467 prime?
True
Is 75243779 composite?
True
Is 1929418193 prime?
False
Is 6967766209 a prime number?
True
Is 654437873 prime?
True
Is 7645661 composite?
False
Is 167039647 a prime number?
True
Is 44109167653 prime?
True
Is 65272591 prime?
False
Is 7069434535 composite?
True
Is 5774699771 prime?
False
Is 3279691609 prime?
True
Is 39836881 composite?
True
Is 50877943 a composite number?
True
Is 3766465111 a composite number?
False
Is 1289937829 a composite number?
False
Is 20957083313 composite?
False
Is 825037189 a prime number?
True
Is 11554304479 a prime number?
True
Is 8182059001 a composite number?
True
Is 3700479119 a prime number?
False
Is 4100676571 a composite number?
True
Is 671202373 a prime number?
False
Is 473296531 a composite number?
False
Is 3890622223 a composite number?
True
Is 97400047 a composite number?
True
Is 26720165581 prime?
False
Is 1275246059 a prime number?
True
Is 482708711 a composite number?
False
Is 6245099717 a prime number?
False
Is 17399859461 prime?
False
Is 5566174667 prime?
True
Is 1312533367 composite?
False
Is 1863339061 a composite number?
False
Is 263438220577 a composite number?
True
Is 36457208081 composite?
True
Is 1981785403 composite?
True
Is 264656293 a composite number?
True
Is 5028024047 a composite number?
True
Is 2215247329 a composite number?
False
Is 3056326057 prime?
True
Is 2391593723 composite?
True
Is 662607949 a composite number?
False
Is 727332893 prime?
False
Is 7100743163 prime?
False
Is 6083509459 a composite number?
False
Is 21444119287 prime?
False
Is 2298134513 a composite number?
True
Is 29688437263 a composite number?
False
Is 174057181747 a prime number?
True
Is 246962143 a composite number?
False
Is 600615073 composite?
False
Is 156869631713 composite?
True
Is 1527968419 prime?
True
Is 143631491 prime?
False
Is 4159149109 a composite number?
True
Is 401358379 a composite number?
True
Is 1550477701 prime?
False
Is 11524047809 prime?
False
Is 39518401863 a composite number?
True
Is 15694295327 prime?
True
Is 1839019363 a prime number?
False
Is 118241504993 a prime number?
False
Is 3449399053 prime?
False
Is 746796877 prime?
True
Is 3853529497 composite?
False
Is 364634239 composite?
False
Is 7521807851 a prime number?
False
Is 440918783 composite?
True
Is 3980789357 a composite number?
False
Is 8266439171 composite?
True
Is 22333600753 a prime number?
False
Is 941528227 prime?
True
Is 963592691 prime?
False
Is 113036973397 composite?
True
Is 41020147891 composite?
True
Is 2666823719 a composite number?
True
Is 41344034087 composite?
False
Is 65962068583 prime?
True
Is 53888489 a composite number?
True
Is 76130978809 prime?
True
Is 38611049845 a composite number?
True
Is 2108182081 a composite number?
False
Is 2292666059 a composite number?
True
Is 10529751247 composite?
False
Is 35141466011 prime?
True
Is 845757865 a composite number?
True
Is 91025901391 prime?
True
Is 1405321135 a prime number?
False
Is 150243141 a composite number?
True
Is 722095591 prime?
False
Is 995871647 prime?
True
Is 2385044323 a prime number?
True
Is 645651703 a prime number?
False
Is 537296897 a composite number?
False
Is 2045659573 prime?
False
Is 643494347 a prime number?
False
Is 33919960541 a composite number?
True
Is 3841095477 prime?
False
Is 27441853451 prime?
False
Is 50822831 a prime number?
False
Is 13673331023 a composite number?
True
Is 6608995853 composite?
True
Is 35170027289 composite?
True
Is 2464285777 a prime number?
True
Is 30918192353 a composite number?
False
Is 105054842 a composite number?
True
Is 19935314353 a composite number?
True
Is 14667261617 composite?
True
Is 42988558993 prime?
True
Is 1900806155 a prime number?
False
Is 679741093 a prime number?
False
Is 2122615279 a prime number?
False
Is 349514591 a composite number?
False
Is 10577864267 composite?
True
Is 3677932723 a composite number?
False
Is 221101037 a prime number?
False
Is 17573761631 prime?
True
Is 39526234457 composite?
True
Is 28314477547 a composite number?
True
Is 101120501 prime?
False
Is 6822436811 a prime number?
False
Is 8894759287 prime?
True
Is 1837264123 a prime number?
False
Is 2721756823 prime?
True
Is 3117441703 prime?
True
Is 35696832251 a prime number?
False
Is 41293151651 prime?
True
Is 4633743217 composite?
False
Is 291925837 composite?
True
Is 1158531833 a composite number?
False
Is 1732025159 composite?
True
Is 172251829 a prime number?
True
Is 211511561 composite?
False
Is 5538370763 composite?
False
Is 3524911457 a composite number?
False
Is 9967262579 prime?
True
Is 32657714599 prime?
False
Is 1650536227 prime?
False
Is 482557969 a prime number?
False
Is 365284691 a prime number?
False
Is 1013327219 composite?
False
Is 524022827 a prime number?
True
Is 1166195531 a composite number?
True
Is 792862667 prime?
False
Is 523862485 a prime number?
False
Is 28577024557 a composite number?
True
Is 1403057053 composite?
False
Is 17599106939 composite?
True
Is 1325590291 a prime number?
False
Is 1040279767 a composite number?
False
Is 3443270819 a prime number?
True
Is 33748831241 composite?
False
Is 479374003 composite?
False
Is 48867420043 a prime number?
False
Is 11031031709 a composite number?
False
Is 9126588803 prime?
True
Is 2441123567 a composite number?
False
Is 15456703553 composite?
True
Is 5910515441 a composite number?
False
Is 3657425423 a prime number?
True
Is 13632556319 prime?
True
Is 8982206083 composite?
False
Is 81373647599 a composite number?
False
Is 2114740843 prime?
False
Is 353690039 a prime number?
False
Is 4105023149 a prime number?
False
Is 879983633 prime?
False
Is 162738949 a composite number?
False
Is 4173905453 a composite number?
True
Is 27604059591 prime?
False
Is 662128091 a composite number?
True
Is 2962244827 a prime number?
False
Is 164950682191 a composite number?
False
Is 50782541 a prime number?
False
Is 540653677 a prime number?
True
Is 383908067 composite?
False
Is 67175149 a composite number?
False
Is 6585453317 a prime number?
True
Is 1253267122 a composite number?
True
Is 5433676991 composite?
Fa